ba + 129?
6405
In base 5, what is 10002244 + -10?
10002234
In base 8, what is -5326 - 125?
-5453
In base 5, what is -11344 + -130?
-12024
In base 4, what is -3302100313 - 1?
-3302100320
In base 13, what is 28 - 30c?
-2b4
In base 2, what is -100101 + 1110000111011?
1110000010110
In base 4, what is -1012 - 21102?
-22120
In base 4, what is 3111 + -121011?
-111300
In base 14, what is c713 + 1?
c714
In base 14, what is 278 + 949?
bc3
In base 10, what is 0 - -1811?
1811
In base 16, what is -1 - 509db?
-509dc
In base 11, what is -4 + -175985?
-175989
In base 16, what is 3cf - 25?
3aa
In base 15, what is -2 - 76d7c?
-76d7e
In base 7, what is -21 - -1110?
1056
In base 13, what is 1612c + 5?
16134
In base 12, what is 4a4a - 20?
4a2a
In base 4, what is 1 - -102120223?
102120230
In base 10, what is -596 - -122?
-474
In base 10, what is -78624 - 3?
-78627
In base 3, what is 10002 - -10102?
20111
In base 5, what is -213 + 4423?
4210
In base 13, what is -8b - 8aaa?
-8b68
In base 9, what is -373 + 2153?
1670
In base 12, what is -2 + bb03?
bb01
In base 14, what is a54b + 4?
a551
In base 9, what is -8240 - 8?
-8248
In base 16, what is -42 - 25e6?
-2628
In base 15, what is 10 - -342?
352
In base 3, what is 112110120002 - -2?
112110120011
In base 4, what is -101203203 - 3?
-101203212
In base 8, what is 5 - 5223?
-5216
In base 3, what is -11212112100111 - -2?
-11212112100102
In base 4, what is 102301113213 + -11?
102301113202
In base 9, what is -2 - 246562?
-246564
In base 9, what is 144238 + 2?
144241
In base 12, what is -6245 - 2?
-6247
In base 7, what is 16 + 113003?
113022
In base 11, what is -5 - 18906?
-18910
In base 10, what is 31 - 1802?
-1771
In base 11, what is 98 + -3163?
-3076
In base 14, what is 3c + 1181?
11bd
In base 3, what is -212120 + 10?
-212110
In base 6, what is -3 + 214242?
214235
In base 15, what is 6 + 236502?
236508
In base 13, what is -41 + -10b?
-14c
In base 5, what is -20 - -2141041?
2141021
In base 14, what is -396 - -86?
-310
In base 14, what is 5 + 9d86?
9d8b
In base 14, what is -5dc + 23?
-5b9
In base 11, what is 876 - -398?
1163
In base 11, what is -12789 - 1?
-1278a
In base 5, what is -23100 + 2030?
-21020
In base 2, what is 1011 + -1000000111101001?
-1000000111011110
In base 16, what is a - 21?
-17
In base 15, what is 100 - 17?
d8
In base 4, what is -123201 - -30323?
-32212
In base 8, what is 0 - -70061?
70061
In base 6, what is 111230 - 2?
111224
In base 5, what is 31 - -31022?
31103
In base 16, what is 1e60 - -3?
1e63
In base 11, what is 3 + -228?
-225
In base 7, what is -20 - -21661?
21641
In base 2, what is 100 - -101010011111110110111?
101010011111110111011
In base 2, what is -11110001101010001 + -1100?
-11110001101011101
In base 4, what is -123220 - -1313?
-121301
In base 10, what is 12310 - 128?
12182
In base 2, what is -10000110 + -111000011110?
-111010100100
In base 3, what is -10 - -102120201?
102120121
In base 13, what is 5 - -b325?
b32a
In base 16, what is -516 - -4d?
-4c9
In base 10, what is -97360 + 1?
-97359
In base 13, what is -366 + 2?
-364
In base 16, what is -66d - -e9?
-584
In base 9, what is -112846 - 62?
-113018
In base 10, what is 43563 + -3?
43560
In base 12, what is 5 - -441aa?
441b3
In base 9, what is -784 + -34?
-828
In base 9, what is 827 - -77?
1015
In base 10, what is -7633 - -1?
-7632
In base 11, what is -14a - a2?
-241
In base 8, what is 43 + -22021?
-21756
In base 9, what is -4 + 42448?
42444
In base 6, what is 1 + -43450443?
-43450442
In base 5, what is -21442 - 1203?
-23200
In base 10, what is -5 + 782192?
782187
In base 9, what is 1015 + -366?
538
In base 13, what is 2 - 70a8?
-70a6
In base 12, what is 118 + 148?
264
In base 9, what is 2 - -456831?
456833
In base 4, what is -20 - 1220232?
-1220312
In base 9, what is 23027 - 11?
23016
In base 10, what is -3816 + 19?
-3797
In base 12, what is 36a9aa - -5?
36a9b3
In base 5, what is 3 - -43041424?
43041432
In base 12, what is 4 + -4824?
-4820
In base 15, what is 1dc3 - -9d?
1e71
In base 2, what is 1010 + 110001101?
110010111
In base 15, what is -b606 - -15?
-b5e1
In base 13, what is 250a + 15?
2522
In base 13, what is -5 - 4827?
-482c
In base 3, what is 122011102 + 1101?
122012210
In base 4, what is -3 - 101121210?
-101121213
In base 12, what is 116 + 24b?
365
In base 13, what is -1503 - 125?
-1628
In base 6, what is -11 - 20403015?
-20403030
In base 10, what is 1 - 4168?
-4167
In base 13, what is -6 - -164468?
164462
In base 16, what is -67a + 2cc?
-3ae
In base 15, what is 57 + -220d?
-21a6
In base 14, what is d25 - b6?
c4d
In base 15, what is 9273 - 1?
9272
In base 10, what is 0 + -2435?
-2435
In base 5, what is 41012 + 14?
41031
In base 10, what is 7 - 31452?
-31445
In base 4, what is -3 + -3222110?
-3222113
In base 9, what is 54 - -8872?
10036
In base 11, what is 7 + -3a44?
-3a38
In base 3, what is -2 + -100102120220?
-100102120222
In base 2, what is 1000001010 + -101101?
111011101
In base 16, what is -38 + 3fd?
3c5
In base 5, what is 10 + -1140443?
-1140433
In base 2, what is -100011001110010100 - 11?
-100011001110010111
In base 16, what is 2c - -7e8?
814
In base 15, what is db + -8e?
4c
In base 13, what is -95 + 1b?
-77
In base 6, what is -31 - 4053141?
-4053212
In base 14, what is 138 + -90?
88
In base 15, what is -7cc0 + 5?
-7cba
In base 13, what is 49 - 199?
-150
In base 11, what is 96a55 - -2?
96a57
In base 3, what is -110222011122 - -10?
-110222011112
In base 5, what is 11102 + -21?
11031
In base 6, what is -104201 - 114?
-104315
In base 5, what is -1021111 - -414?
-1020142
In base 13, what is -b6 - -161?
78
In base 10, what is 19219 + -2?
19217
In base 15, what is -2 + 1a2c?
1a2a
In base 11, what is 2967 + 3?
296a
In base 5, what is -2013333 + 12?
-2013321
In base 6, what is 443502 + 24?
443530
In base 4, what is 102331230 - 20?
102331210
In base 13, what is -28bc1 - 0?
-28bc1
In base 13, what is -19b1 - 0?
-19b1
In base 16, what is -cc3 - -d?
-cb6
In base 2, what is 1101011 + -11111010?
-10001111
In base 6, what is -10 - 5422433?
-5422443
In base 14, what is -5 - -3755?
3750
In base 10, what is -226164 + 3?
-226161
In base 14, what is 5 - 7966?
-7961
In base 15, what is -4b - -1c7b?
1c30
In base 13, what is 5 - 17978?
-17973
In base 12, what is -782 - -27?
-757
In base 4, what is 122333100311 + 11?
122333100322
In base 8, what is 1341 - 36?
1303
In base 4, what is -22 - -230201020?
230200332
In base 3, what is 1100012 + -102112?
220200
In base 8, what is -7436 - 5?
-7443
In base 15, what is 11699 - -3b?
116d5
In base 10, what is -189 - 1720?
-1909
In base 13, what is 4917 - -26?
4940
In base 4, what is -2 - 1113333?
-1120001
In base 13, what is 4 - 19783?
-1977c
In base 11, what is -415a0 - -2?
-41599
In base 10, what is 1221 + 416?
1637
In base 2, what is -1010101 - 10111000000?
-11000010101
In base 11, what is 66 + -339?
-283
In base 7, what is 0 + 13056453?
13056453
In base 13, what is 13 - 5969?
-5956
In base 16, what is 2 - 472?
-470
In base 11, what is -13a1136 - 2?
-13a1138
In base 14, what is 95d52 + 1?
95d53
In base 7, what is -4 - -551540?
551533
In base 5, what is -10 - 13012444?
-13013004
In base 8, what is 1074 + -162?
712
In base 4, what is 33223101 + 2?
33223103
In base 15, what is -ec7c + -2?
-ec7e
In base 12, what is -37 + a2a?
9b3
In base 4, what is -2122 - -11121?
2333
In base 5, what is -3344 + 23203?
14304
In base 5, what is 344342 + -1011?
343331
In base 5, what is 32134 + 1031?
33220
In base 9, what is -40182 - -177?
-40004
In base 10, what is 11112 + 3?
11115
In base 12, what is 13 + 5a?
71
In base 13, what is -447681 - 5?
-447686
In base 5, what is -2003 + 2143?
140
In base 4, what is 3113 + 21203?
30322
In base 2, what is 1110110100 + 100001011?
10010111111
In base 8, what is -4 - -2430150?
2430144
In base 4, what is 2 - 22231311?
-22231303
In base 16, what is -6 + -3c5f0?
-3c5f6
In base 5, what is 220 + -443?
-223
In base 12, what is -22 - -20a?
1a8
In base 16, what is 1 - 19463?
-19462
In base 3, what is -1110201 + -22000?
-1202201
In base 16, what is -26 - -ff2e?
ff08
In base 10, what is 98 + 198?
296
In base 10, what is 1353 - 576?
777
In base 5, what is -2 + 44304214?
44304212
In base 5, what is 0 + -412232?
-412232
In base 4, what is 320122 - 20?
320102
In base 7, what is 44614 + 521?
45435
In base 